24)?
2
Let f(v) = 47*v**3 + 2903*v**2 - 676*v + 372. Determine f(-62).
0
Let o(q) = 17*q**2 + 406*q - 52. Give o(-24).
-4
Let m(x) = -2*x**2 - 197*x + 4034. Give m(-117).
-295
Let r(f) = -289*f - 7237. Calculate r(-25).
-12
Let h(i) = 9*i**2 + 583*i - 3330. Give h(5).
-190
Let r(v) = -235158*v + 1410960. Determine r(6).
12
Let a(w) = 41*w**2 + 610*w + 42. What is a(-15)?
117
Let z(r) = 397842*r + 9946046. Determine z(-25).
-4
Let t(k) = 498*k**2 - 27377*k - 718. Determine t(55).
-3
Let s(g) = g**3 - 445*g**2 + 19414*g - 468. Determine s(49).
22
Let i(a) = 452*a**2 - 871*a + 69. Give i(2).
135
Let m(f) = f**2 - 394*f - 92. Calculate m(0).
-92
Let r(t) = -t**3 + 177*t**2 + t + 31894. Calculate r(178).
388
Let r(d) = d**2 + 399135*d + 1596524. Calculate r(-4).
0
Let h(n) = 3*n**2 + 530*n + 351. What is h(-174)?
-1041
Let a(h) = -h**2 - 205*h - 1394. Give a(-7).
-8
Let c(t) = t**3 - 2*t**2 + 19641*t - 39277. What is c(2)?
5
Let g(h) = 337*h**2 + 255*h + 4. What is g(-1)?
86
Let j(k) = 3*k**3 + 20*k**2 + 57*k + 255. Determine j(-7).
-193
Let g(z) = -506*z - 117477. Give g(-232).
-85
Let i(s) = -270*s - 17055. Determine i(-63).
-45
Let b(q) = -11*q**2 + 3928*q + 11434. Determine b(360).
-86
Let m(g) = -g**2 - 13645*g - 1166064. Calculate m(-86).
10
Let b(f) = 51*f - 2474. Calculate b(60).
586
Let v(o) = 24893*o - 24195988. Determine v(972).
8
Let d(f) = f**3 - 40*f**2 - 125*f + 50. What is d(43)?
222
Let z(k) = 81*k**2 + 49408*k - 1219. What is z(-610)?
1
Let g(l) = 5*l**2 + 775*l - 5634. Give g(-162).
36
Let i(f) = 20*f**2 - 15*f + 242. Give i(0).
242
Let k(m) = -m**2 - 10737*m + 204371. Determine k(19).
7
Let q(d) = -123*d**3 - 7*d**2 - 11*d + 17. What is q(1)?
-124
Let p(u) = -4*u**3 + 6*u**2 + 236*u + 1194. Calculate p(-5).
664
Let n(m) = -2238*m - 28999. Determine n(-13).
95
Let h(a) = 8045*a - 120685. What is h(15)?
-10
Let n(g) = -g**3 - 363*g**2 - 29005*g + 3665. What is n(-119)?
-24
Let h(s) = -188*s - 40939. What is h(-228)?
1925
Let h(a) = -a**3 + 15*a**2 + 303*a + 1442. Determine h(-7).
399
Let x(c) = -c**2 + 124*c + 11384. Give x(-61).
99
Let o(h) = 1361*h - 79050. Give o(58).
-112
Let f(l) = 270*l**2 - 41039*l - 73. Calculate f(152).
79
Let i(s) = 3820*s - 99322. What is i(26)?
-2
Let r(i) = 901*i - 230682. Give r(256).
-26
Let y(f) = -f**2 + 504*f - 16460. Calculate y(35).
-45
Let h(f) = -f**2 - 125*f - 1107. Give h(-35).
2043
Let u(v) = 13*v**2 + 70396*v - 422848. What is u(6)?
-4
Let x(q) = -q**3 - 19*q**2 + 535*q + 8463. Give x(-14).
-7
Let i(t) = -314*t + 1671. Determine i(6).
-213
Let t(y) = 2*y**2 - 213*y - 22599. Calculate t(-62).
-1705
Let j(b) = -5*b**3 + 247*b**2 - 1884*b + 156. Give j(40).
-4
Let p(i) = 2*i**2 + 10*i + 753. Determine p(0).
753
Let g(n) = -38090*n + 685612. Determine g(18).
-8
Let t(l) = l**3 + 59*l**2 - 342*l - 1390. Calculate t(-64).
18
Let s(f) = -69*f**2 + 846*f + 666. What is s(13)?
3
Let r(z) = 2*z**3 + 10*z**2 + 202*z + 777. Calculate r(-4).
1
Let f(n) = -3*n**2 + 346*n + 391. Give f(116).
159
Let k(u) = -45*u**2 - 2373*u + 638. Give k(-53).
2
Let c(l) = l**3 + 157*l**2 - 2405*l - 1888. What is c(-171)?
-7
Let m(g) = -6*g**3 - 11*g**2 - 9*g + 60. Give m(-4).
304
Let c(r) = 6667*r - 79956. Give c(12).
48
Let r(j) = 118326*j - 118218. Calculate r(1).
108
Let c(l) = 765*l**2 - 5387*l + 79. Calculate c(7).
-145
Let d(f) = -f**3 - 13*f**2 - 258*f - 3796. Give d(-14).
12
Let b(n) = -n**3 + 68*n**2 - 1033*n - 46. Calculate b(45).
44
Let j(a) = -a**2 + 852*a - 158. Calculate j(0).
-158
Let m(p) = 2*p**3 - 65*p**2 + 60*p + 788. Determine m(31).
-235
Let l(f) = -227*f + 94681. Determine l(417).
22
Let g(o) = 17515*o + 87625. What is g(-5)?
50
Let s(f) = 3*f**2 + 4327*f + 361358. Calculate s(-89).
18
Let x(l) = 2*l**3 + 129*l**2 - 10*l - 4840. Determine x(-64).
-104
Let p(w) = -236*w**3 - 6138*w**2 - 49*w + 85. Give p(-26).
7
Let u(g) = 2319*g - 12187. Give u(4).
-2911
Let o(k) = -5*k**2 + 1081*k + 4340. Determine o(-4).
-64
Let x(r) = 219*r**2 - 21*r + 36. Calculate x(1).
234
Let r(y) = 2*y**2 - 2742*y - 24814. Determine r(-9).
26
Let w(x) = -13*x**3 + 4276*x**2 + 322*x + 2171. Calculate w(329).
-132
Let y(n) = -10*n**2 - 2500*n - 17033. What is y(-7)?
-23
Let r(m) = m**3 - 84*m**2 - 160*m + 14679. Determine r(84).
1239
Let q(l) = 4*l**2 + 255*l + 4008. Give q(-29).
-23
Let c(w) = 67*w**2 + 2747*w + 2670. Calculate c(-40).
-10
Let w(a) = -a**3 + 209*a**2 - 1228*a + 42420. Calculate w(204).
-12
Let x(v) = -125*v - 24281. What is x(-194)?
-31
Let r(i) = 2623*i + 598032. Give r(-228).
-12
Let u(t) = -t**3 + 177*t - 726. What is u(7)?
170
Let k(i) = 19256*i - 19241. Calculate k(1).
15
Let x(j) = 5877*j - 6835. What is x(1)?
-958
Let r(s) = -91*s - 6050. Give r(-53).
-1227
Let t(k) = 2*k**2 + 89*k - 281241. Calculate t(-398).
145
Let n(f) = -f**2 - 783*f - 54322. Determine n(-77).
40
Let w(m) = -7312*m + 160873. Determine w(22).
9
Let k(y) = 4*y**2 - 261*y - 5383. What is k(-18)?
611
Let o(a) = -2270*a + 46. Calculate o(0).
46
Let j(n) = 11853*n - 6554705. Give j(553).
4
Let j(l) = -l**3 - 14*l**2 + 434*l - 1005. What is j(13)?
74
Let p(b) = 663*b + 54429. Calculate p(-82).
63
Let k(x) = -24631*x**2 - 246286*x + 240. Determine k(-10).
0
Let b(o) = -5*o**3 - 198*o**2 + 65*o - 583. What is b(-40)?
17
Let k(p) = -p**3 + 39*p**2 - 100*p + 1362. What is k(39)?
-2538
Let n(s) = 315*s + 1867. Calculate n(-10).
-1283
Let t(o) = -9*o**2 - 368*o - 56. What is t(-12)?
3064
Let o(x) = -3*x**3 - 8*x**2 - 23394*x - 70202. Determine o(-3).
-11
Let q(b) = -58*b**2 + 19124*b + 5275. Determine q(330).
-5
Let f(t) = 11*t**2 - 3542*t - 32774. What is f(-9)?
-5
Let d(m) = -8*m**3 + 34*m**2 - 93*m - 12. Determine d(4).
-352
Let p(n) = -2376*n + 439557. What is p(185)?
-3
Let f(w) = 42685*w - 170885. What is f(4)?
-145
Let y(c) = c**2 + 1432*c + 40744. What is y(-29)?
57
Let r(f) = -61*f**2 - 1108*f - 124. Give r(-18).
56
Let y(d) = 11*d**2 + 3876*d + 265993. What is y(-259)?
0
Let p(m) = 3*m**2 + 671*m + 2055. What is p(0)?
2055
Let b(v) = -v**3 + 23*v**2 - 36*v - 335. Determine b(20).
145
Let t(r) = 117*r - 16460. Give t(158).
2026
Let j(n) = 3*n**3 - 3*n**2 - 2113*n + 10260. Calculate j(5).
-5
Let t(z) = -z**3 - 56*z**2 - 659*z - 2160. Give t(-11).
-356
Let g(x) = -5*x**3 - 59*x**2 + 21*x + 71. Give g(-12).
-37
Let t(j) = 2*j**3 + 1176*j**2 + 1183*j + 5285. Calculate t(-587).
2
Let c(f) = 2*f**3 + 427*f**2 + 2037*f - 233. Give c(-5).
7
Let w(k) = 833*k - 119980. What is w(144)?
-28
Let f(n) = 2*n**3 + 665*n**2 + 1647*n + 216485. Determine f(-331).
11
Let c(q) = -2*q**2 - 2955*q - 148267. What is c(-52)?
-15
Let i(o) = -2*o**2 - 4628*o + 197913. Determine i(42).
9
Let h(a) = a**3 - 66*a**2 - 324*a + 21054. Calculate h(66).
-330
Let u(r) = 16090*r - 16008. Calculate u(1).
82
Let f(h) = -20*h**3 - 6*h**2 + 57*h + 197. Give f(-3).
512
Let j(i) = 22*i**2 - 12*i - 7. Calculate j(3).
155
Let r(q) = 19848*q**2 - 317568*q - 16. Give r(16).
-16
Let f(w) = 54*w**2 + 258*w + 14. Determine f(-5).
74
Let p(g) = 12*g**2 - 629*g - 13768. Determine p(69).
-37
Let o(d) = -12957*d + 72. Calculate o(0).
72
Let y(g) = 6938*g - 235933. What is y(34)?
-41
Let g(x) = 2*x**3 + 144*x**2 + 687*x + 610. Determine g(-4).
38
Let l(z) = 4*z**3 - z**2 + 3973*z - 7946. What is l(2)?
28
Let m(q) = -530*q - 15378. Calculate m(-29).
-8
Let h(o) = 2*o**2 - 329*o - 118843. Give h(-175).
-18
Let x(r) = -7*r**3 - 893*r**2 - 511*r - 315. Calculate x(-127).
66
Let b(c) = -110*c**2 - 30800*c - 112. Determine b(-280).
-112
Let c(b) = -b**3 - 66*b**2 + 1763*b + 793. Determine c(-87).
6361
Let f(r) = -4*r**3 - 33*r**2 + 4878*r - 409. Give f(31).
-68
Let x(s) = -33867*s + 169294. Determine x(5).
-41
Let r(a) = -8*a**3 + 6591*a**2 + 799*a + 20598. Determine r(824).
-2
Let z(i) = -527*i + 26036. Calculate z(49).
213
Let g(p) = p**2 - 111*p - 4729. Determine g(143).
-153
Let y(h) = -h**2 + 58*h + 15529. Calculate y(-100).
-271
Let d(h) = 423*h**2 + 2551*h + 87. Determine d(-6).
9
Let u(j) = 466*j - 42320. Calculate u(91).
86
Let b(c) = 1853*c - 31569. What is b(17)?
-68
Let r(v) = -3*v**3 - 38*v**2 + 158*v - 21. Calculate r(-16).
11
Let d(s) = -149*s**3 + 3579*s**2 - 27*s + 29. Determine d(24).
1109
Let r(t) = -378*t + 13547. Determine r(36).
-61
Let v(k) = -2317*k + 2655280. Det